pose 4*x + 33 + 43 = 2*j, 5*x = -o. Calculate the highest common factor of 196 and j.
28
Let b(d) = -d**3 + d**2 - 1. Let p be b(-2). What is the highest common divisor of 605 and p?
11
Suppose -75 = -3*p + 2*d, p + 0*d = -3*d + 36. Suppose 3*q - p = 2*q. Let t = -19 + q. Calculate the greatest common factor of 20 and t.
4
Suppose -4*a + 3*q = -32, a + 3 = q - 3*q. Suppose l = -5*g + 30, a*g - 234 = -5*l + g. Calculate the greatest common factor of 25 and l.
25
Let t be 8 + -9 - (-2 - 0). Let y be (169/26)/(t/2). Let j = -103 + 220. Calculate the highest common factor of j and y.
13
Suppose -73*k + 16176 = -1855. Calculate the greatest common divisor of 57 and k.
19
Let p = 1072 - 577. What is the greatest common factor of 55 and p?
55
Let x be 2/(-4 + 3) + 26. Let b = x - -14. Let n be 101 + (3 - 6) + -3. What is the greatest common divisor of b and n?
19
Let l(z) = 5*z + 0*z + 4*z - 8*z + 6. Let f be l(6). What is the greatest common divisor of f and 3?
3
Let i = -8 - -11. Let n = i + -2. Suppose -2*s + 11 + n = 2*m, -3*m - 12 = 0. What is the highest common factor of 4 and s?
2
Let a(o) = -o**2 - 34*o - 49. Let x be a(-31). What is the highest common divisor of x and 11?
11
Suppose 0 = -2*t + 5*c + 63, 8*c = -4*t + 3*c + 51. What is the highest common divisor of t and 627?
19
Suppose -12*x - 2835 = -21*x. Calculate the highest common factor of 35 and x.
35
Let i = 74 - 54. What is the greatest common divisor of i and 10?
10
Let w(x) = x**2 + x + 1. Let q(k) = k**3 - 2*k**2 - 2. Let v be q(2). Let c be w(v). Suppose 17 = -c*h + 101. What is the greatest common factor of h and 252?
28
Let a be (0 + -8)*1 - -13. Let y be -2*(-1)/(-2)*-14. Suppose a*r - 3*r = y. Calculate the greatest common factor of r and 77.
7
Let c be (-1)/((-4)/((-16)/(-1))). Suppose -c*m = 5*k - 207, -3*m + 4*k + 114 + 18 = 0. Suppose -26 + 8 = -3*y. Calculate the highest common factor of m and y.
6
Let j(l) = 7 + l + 6 + 0 - 3. Let z be j(-2). Let w(h) = h**2 + 5*h - 4. Let f be w(4). What is the greatest common divisor of z and f?
8
Suppose 729*w + 864 = 747*w. Calculate the greatest common divisor of w and 408.
24
Let w(h) = -h**3 - 12*h**2 + 8*h + 9. Let s be w(-12). Let x = -6 + -29. Let b = x - s. Calculate the highest common divisor of 78 and b.
26
Let d = -2042 + 2084. Let b be 508/8 + (-1)/2. Calculate the greatest common factor of d and b.
21
Let p be ((-38)/(-4) - -2)/((-50)/(-3000)). Calculate the highest common divisor of p and 60.
30
Let p be 13/3 + 5 + (-16)/3. Suppose 20 - 4 = p*m. Let q = 12 + -6. What is the greatest common factor of q and m?
2
Suppose 5*o + 41*l = 43*l + 100, 2*l + 60 = 3*o. Calculate the highest common factor of 84 and o.
4
Suppose -3*s + 36 + 744 = 0. Let h = -224 + 328. What is the greatest common factor of h and s?
52
Let l = -12 + 22. Let v(u) be the first derivative of u**2 + u + 2. Let q be v(l). Calculate the highest common divisor of q and 21.
21
Let p = 7 + 13. Let t(l) = -l**3 - 2*l**2 + 10*l + 50. Let j be t(0). Calculate the greatest common factor of j and p.
10
Let c be 9/(-12) + 655/20. Calculate the highest common divisor of c and 256.
32
Let v = 455 + -453. Let y(p) = 4 - 4 + 8*p. Let x be y(v). What is the highest common divisor of 160 and x?
16
Let c be (-32)/(-5)*5/2. Let z(g) = 42*g**2 + 4. Let n be z(-3). Let h be n/3 + 18/27. Calculate the highest common factor of c and h.
16
Let x(u) = 39*u + 2. Let z be x(2). Suppose z = 2*r + 26. What is the greatest common divisor of 135 and r?
27
Suppose 0 = -2*g + 5*m - 53, 3*g = 3*m - 2*m - 73. Let n be (-336)/g + 1*3. Calculate the greatest common divisor of 85 and n.
17
Let y(b) be the first derivative of b**2/2 + 45*b - 8. Let z be y(-15). What is the greatest common divisor of 20 and z?
10
Let r(w) = -10*w**2 + 66*w - 9. Let g be r(6). What is the highest common factor of g and 189?
27
Let r = -1171 - -1176. Calculate the greatest common divisor of 565 and r.
5
Let t = -45 + 64. Let f(u) = -4*u - 41. Let s be f(-34). Calculate the greatest common divisor of t and s.
19
Let s = -289 - -165. Let b = s + 150. What is the greatest common divisor of b and 130?
26
Let b be 3 + -7 - -1 - (-48 + 0). Let d = 29 - -46. Calculate the greatest common divisor of b and d.
15
Suppose 14*z - 19*z + 130 = 0. Let q = 89 - z. What is the greatest common factor of 7 and q?
7
Let l be (41/(-41))/(1 - 24/22). What is the greatest common factor of 2 and l?
1
Let a(n) = n**2 + 11*n + 10. Let o = 5 - 16. Let c be a(o). Calculate the highest common divisor of c and 1.
1
Let s = -37 - -30. Let f be 634/6 + 4/(-6). Let c be (-1 + -2)/(s/f). Calculate the highest common factor of c and 18.
9
Suppose -3*m = -3*l - 3, 0*m - 2*m = -l - 6. Suppose 120 = l*n + 24. Calculate the highest common factor of 60 and n.
12
Let i be (4 - 36/8)*-48. Let t = -41 - -77. Calculate the greatest common factor of i and t.
12
Let c(u) = -2*u**3 - 25*u**2 - 37*u - 11. Let x be c(-11). Calculate the highest common divisor of 88 and x.
11
Suppose 0 = -4*h + w + 219, -8*h + 2*w = -13*h + 277. Calculate the highest common divisor of h and 77.
11
Suppose -29*x + 37*x = 112. What is the greatest common divisor of 140 and x?
14
Let p(r) = -2*r - 6. Let i be p(-9). Suppose i = 2*m - 42. Calculate the highest common divisor of 9 and m.
9
Suppose -152 = -3*j + 2*a, -a = -5*j + 2*a + 255. Suppose j + 30 = c. What is the highest common factor of c and 21?
21
Let f be 8 - (1 - 597 - 6). What is the greatest common divisor of f and 10?
10
Suppose -5*y + 100 = 5*d, -2*y + 41 = 3*d - 14. Calculate the greatest common divisor of 3 and d.
3
Let l(f) = -f**3 - 8*f**2 - 7*f + 7. Let s be l(-9). Let d be 6/51 + s/17. What is the highest common divisor of d and 45?
9
Suppose -j + 11 - 179 = -4*f, -2*j - 84 = -2*f. What is the greatest common divisor of f and 70?
14
Let v(i) be the third derivative of i**5/15 + i**4/8 - i**3/6 + 4*i**2. Let h be v(3). Suppose h = 4*n - 20. What is the highest common divisor of 144 and n?
16
Let y = 6 + -2. Suppose b - 3*w = 636, 4*b - y*w = 3*b + 641. Suppose -4*i + b + 207 = 0. What is the highest common factor of 23 and i?
23
Suppose 3*r + 5*m = 847, 5*m = 10*r - 12*r + 558. What is the highest common factor of 51 and r?
17
Let j(n) = n + 4. Let z be j(-4). Let u = 7 + -5. Suppose u*g - 7*g + 345 = z. Calculate the highest common divisor of g and 46.
23
Let i = 869 + -305. Suppose i = 4*t - 0*t. Let j = t + -61. Calculate the highest common divisor of j and 16.
16
Let b = 16 - 8. Let r be 1155/(-14)*12/15. Let d be 4*r/(-1 + -2). Calculate the greatest common divisor of b and d.
8
Let h be -9 + 15 - (-1 - -1). Let j be 20 - (30/(-5))/(-3). Calculate the highest common divisor of h and j.
6
Let x(c) = 2*c**2 + 18*c + 20. Let r be x(-9). What is the greatest common divisor of 5 and r?
5
Let j(p) = -p**2 - 5. Let z be j(3). Let i(s) = 2*s**2 + 27*s - 9. Let x be i(z). Calculate the highest common divisor of x and 25.
5
Suppose -86*o + 85*o = 3*d - 570, 0 = 3*o. Calculate the greatest common divisor of d and 80.
10
Let l = 813 - 805. Let z be 2 + (-1)/(2/(-36)). What is the greatest common divisor of z and l?
4
Suppose 41*o = 35*o + 738. Let g be 100 - -1*2/2. Suppose -o = -2*d + g. Calculate the greatest common factor of d and 16.
16
Suppose -3*u - i + 291 = -331, 2*u = -5*i + 393. What is the greatest common divisor of u and 22?
11
Suppose 0*q - 2*q = -30. Suppose 20 - q = h. Suppose -170 = -4*w - h*k + 268, k + 114 = w. What is the highest common factor of w and 14?
14
Suppose -a + 933 = -m + 5*m, -3*a = -15. Let l = m - 162. Suppose 0 = 3*h - 2*r - 40 - 50, 2*r = -4*h + 106. Calculate the highest common factor of h and l.
14
Let n(f) = 3*f**2 + 15*f + 52. Let i be n(-6). What is the greatest common divisor of 14 and i?
14
Suppose 3*b + 3*c = 165, -3*b - c = c - 166. Let s be -6 + (-2)/4*-8. Let i be (3 - -1) + s - -12. What is the highest common divisor of b and i?
14
Let t = 58 + -76. Let j(x) = -2*x**2 - 2*x + 1. Let k be j(4). Let i = t - k. Calculate the highest common factor of 147 and i.
21
Suppose 2*m - p + 5*p - 24 = 0, -84 = -5*m - 4*p. Calculate the highest common factor of 60 and m.
20
Let k = 604 - 92. What is the greatest common factor of k and 8?
8
Let h = -1235 - -1586. What is the greate